{"id":43,"date":"2016-05-29T04:29:01","date_gmt":"2016-05-28T22:29:01","guid":{"rendered":"http:\/\/hotelcasaantigua.com\/v5\/?page_id=43"},"modified":"2024-09-17T03:22:52","modified_gmt":"2024-09-16T21:22:52","slug":"ubicacion","status":"publish","type":"page","link":"https:\/\/hotelcasaantigua.com\/?page_id=43","title":{"rendered":"Ubicaci\u00f3n"},"content":{"rendered":"<p style=\"padding-left: 90px; text-align: center;\"><iframe loading=\"lazy\" style=\"border: 0;\" src=\"https:\/\/www.google.com\/maps\/embed?pb=!1m18!1m12!1m3!1d3814.197240956045!2d-96.72535978506397!3d17.063002116570377!2m3!1f0!2f0!3f0!3m2!1i1024!2i768!4f13.1!3m3!1m2!1s0x85c7223f305219d7%3A0x99d700fd81f4fc9b!2sHotel+Casa+Antigua!5e0!3m2!1ses-419!2smx!4v1464474346231\" width=\"1024\" height=\"768\" frameborder=\"0\" allowfullscreen=\"allowfullscreen\"><\/iframe><\/p>\n<p>&nbsp;<\/p>\n<p style=\"text-align: justify;\">Hotel Casa Antigua\u00a0tiene una ubicaci\u00f3n inigualable\u00a0a unos cuantos pasos del complejo Cultural Santo Domingo y del bello Z\u00f3calo de esta hermosa ciudad, as\u00ed como cercan\u00eda a galer\u00edas, templos, exposiciones, mercados, museos y tiendas de artesan\u00edas.<\/p>\n<p style=\"text-align: justify;\">Estimado hu\u00e9sped:<\/p>\n<p style=\"text-align: justify;\">Si usted llega por la s\u00faper carretera Puebla-Oaxaca, debe continuar sobre carretera internacional que se convierte en Calzada Madero y posteriormente en Avenida Independencia. Estando sobre Avenida Independencia llega a la calle Porfirio D\u00edaz y da vuelta a la izquierda hasta llegar a la calle de Matamoros. D\u00e9 vuelta a la derecha sobre Matamoros que m\u00e1s adelante se convierte en Murgu\u00eda y contin\u00fae hasta llegar a 5 de Mayo. D\u00e9 vuelta a la derecha sobre 5 de Mayo y a media cuadra se encuentra Hotel Casa Antigua.<\/p>\n","protected":false},"excerpt":{"rendered":"<p>&nbsp; Hotel Casa Antigua\u00a0tiene una ubicaci\u00f3n inigualable\u00a0a unos cuantos pasos del complejo Cultural Santo Domingo y del bello Z\u00f3calo de esta hermosa ciudad, as\u00ed como cercan\u00eda a galer\u00edas, templos, exposiciones, mercados, museos y tiendas de artesan\u00edas. Estimado hu\u00e9sped: Si usted llega por la s\u00faper carretera Puebla-Oaxaca, debe continuar sobre carretera internacional que se convierte en &hellip; <\/p>\n","protected":false},"author":3,"featured_media":869,"parent":0,"menu_order":0,"comment_status":"closed","ping_status":"closed","template":"","meta":{"two_page_speed":[],"_joinchat":[],"footnotes":""},"class_list":["post-43","page","type-page","status-publish","has-post-thumbnail","hentry"],"_links":{"self":[{"href":"https:\/\/hotelcasaantigua.com\/index.php?rest_route=\/wp\/v2\/pages\/43"}],"collection":[{"href":"https:\/\/hotelcasaantigua.com\/index.php?rest_route=\/wp\/v2\/pages"}],"about":[{"href":"https:\/\/hotelcasaantigua.com\/index.php?rest_route=\/wp\/v2\/types\/page"}],"author":[{"embeddable":true,"href":"https:\/\/hotelcasaantigua.com\/index.php?rest_route=\/wp\/v2\/users\/3"}],"replies":[{"embeddable":true,"href":"https:\/\/hotelcasaantigua.com\/index.php?rest_route=%2Fwp%2Fv2%2Fcomments&post=43"}],"version-history":[{"count":5,"href":"https:\/\/hotelcasaantigua.com\/index.php?rest_route=\/wp\/v2\/pages\/43\/revisions"}],"predecessor-version":[{"id":1009,"href":"https:\/\/hotelcasaantigua.com\/index.php?rest_route=\/wp\/v2\/pages\/43\/revisions\/1009"}],"wp:featuredmedia":[{"embeddable":true,"href":"https:\/\/hotelcasaantigua.com\/index.php?rest_route=\/wp\/v2\/media\/869"}],"wp:attachment":[{"href":"https:\/\/hotelcasaantigua.com\/index.php?rest_route=%2Fwp%2Fv2%2Fmedia&parent=43"}],"curies":[{"name":"wp","href":"https:\/\/api.w.org\/{rel}","templated":true}]}}